{"id":3372,"date":"2024-01-28T16:58:20","date_gmt":"2024-01-28T15:58:20","guid":{"rendered":"https:\/\/hochzeitsfotografin-adina.de\/?page_id=3372"},"modified":"2024-01-29T12:05:35","modified_gmt":"2024-01-29T11:05:35","slug":"paarshooting","status":"publish","type":"page","link":"https:\/\/hochzeitsfotografin-adina.de\/index.php\/paarshooting\/","title":{"rendered":"Paarshooting"},"content":{"rendered":"\n<p>Ihr m\u00f6chtet sch\u00f6ne Bilder f\u00fcr eure Einladungskarten oder einfach nur so? Bei einem Paarshooting mit mir entstehen ungezwungene Bilder, so wie ihr seid. Die Location k\u00f6nnt ihr dabei selbst w\u00e4hlen oder euch von mir beraten lassen. M\u00f6gt ihr es cool und l\u00e4ssig oder eher romantisch vertr\u00e4umt? Wir finden f\u00fcr euch das Passende.<\/p>\n\n\n\n<figure class=\"wp-block-gallery has-nested-images columns-default is-cropped wp-block-gallery-1 is-layout-flex wp-block-gallery-is-layout-flex\">\n<figure class=\"wp-block-image size-large\"><img loading=\"lazy\" decoding=\"async\" width=\"1024\" height=\"683\" data-id=\"3404\" src=\"https:\/\/hochzeitsfotografin-adina.de\/wp-content\/uploads\/2024\/01\/paarshooting-Nordfriesland-flensburg-kiel-1-1024x683.jpg\" alt=\"\" class=\"wp-image-3404\" srcset=\"https:\/\/hochzeitsfotografin-adina.de\/wp-content\/uploads\/2024\/01\/paarshooting-Nordfriesland-flensburg-kiel-1-1024x683.jpg 1024w, https:\/\/hochzeitsfotografin-adina.de\/wp-content\/uploads\/2024\/01\/paarshooting-Nordfriesland-flensburg-kiel-1-300x200.jpg 300w, https:\/\/hochzeitsfotografin-adina.de\/wp-content\/uploads\/2024\/01\/paarshooting-Nordfriesland-flensburg-kiel-1-768x512.jpg 768w, https:\/\/hochzeitsfotografin-adina.de\/wp-content\/uploads\/2024\/01\/paarshooting-Nordfriesland-flensburg-kiel-1-1536x1024.jpg 1536w, https:\/\/hochzeitsfotografin-adina.de\/wp-content\/uploads\/2024\/01\/paarshooting-Nordfriesland-flensburg-kiel-1.jpg 1731w\" sizes=\"auto, (max-width: 1024px) 100vw, 1024px\" \/><\/figure>\n\n\n\n<figure class=\"wp-block-image size-large\"><img loading=\"lazy\" decoding=\"async\" width=\"1024\" height=\"683\" data-id=\"3405\" src=\"https:\/\/hochzeitsfotografin-adina.de\/wp-content\/uploads\/2024\/01\/paarshooting-Nordfriesland-flensburg-kiel-2-1024x683.jpg\" alt=\"\" class=\"wp-image-3405\" srcset=\"https:\/\/hochzeitsfotografin-adina.de\/wp-content\/uploads\/2024\/01\/paarshooting-Nordfriesland-flensburg-kiel-2-1024x683.jpg 1024w, https:\/\/hochzeitsfotografin-adina.de\/wp-content\/uploads\/2024\/01\/paarshooting-Nordfriesland-flensburg-kiel-2-300x200.jpg 300w, https:\/\/hochzeitsfotografin-adina.de\/wp-content\/uploads\/2024\/01\/paarshooting-Nordfriesland-flensburg-kiel-2-768x512.jpg 768w, https:\/\/hochzeitsfotografin-adina.de\/wp-content\/uploads\/2024\/01\/paarshooting-Nordfriesland-flensburg-kiel-2-1536x1024.jpg 1536w, https:\/\/hochzeitsfotografin-adina.de\/wp-content\/uploads\/2024\/01\/paarshooting-Nordfriesland-flensburg-kiel-2.jpg 1731w\" sizes=\"auto, (max-width: 1024px) 100vw, 1024px\" \/><\/figure>\n\n\n\n<figure class=\"wp-block-image size-large\"><img loading=\"lazy\" decoding=\"async\" width=\"683\" height=\"1024\" data-id=\"3407\" src=\"https:\/\/hochzeitsfotografin-adina.de\/wp-content\/uploads\/2024\/01\/paarshooting-Nordfriesland-flensburg-kiel-3-683x1024.jpg\" alt=\"\" class=\"wp-image-3407\" srcset=\"https:\/\/hochzeitsfotografin-adina.de\/wp-content\/uploads\/2024\/01\/paarshooting-Nordfriesland-flensburg-kiel-3-683x1024.jpg 683w, https:\/\/hochzeitsfotografin-adina.de\/wp-content\/uploads\/2024\/01\/paarshooting-Nordfriesland-flensburg-kiel-3-200x300.jpg 200w, https:\/\/hochzeitsfotografin-adina.de\/wp-content\/uploads\/2024\/01\/paarshooting-Nordfriesland-flensburg-kiel-3-768x1152.jpg 768w, https:\/\/hochzeitsfotografin-adina.de\/wp-content\/uploads\/2024\/01\/paarshooting-Nordfriesland-flensburg-kiel-3-1024x1536.jpg 1024w, https:\/\/hochzeitsfotografin-adina.de\/wp-content\/uploads\/2024\/01\/paarshooting-Nordfriesland-flensburg-kiel-3.jpg 1154w\" sizes=\"auto, (max-width: 683px) 100vw, 683px\" \/><\/figure>\n\n\n\n<figure class=\"wp-block-image size-large\"><img loading=\"lazy\" decoding=\"async\" width=\"683\" height=\"1024\" data-id=\"3408\" src=\"https:\/\/hochzeitsfotografin-adina.de\/wp-content\/uploads\/2024\/01\/paarshooting-Nordfriesland-flensburg-kiel-4-683x1024.jpg\" alt=\"\" class=\"wp-image-3408\" srcset=\"https:\/\/hochzeitsfotografin-adina.de\/wp-content\/uploads\/2024\/01\/paarshooting-Nordfriesland-flensburg-kiel-4-683x1024.jpg 683w, https:\/\/hochzeitsfotografin-adina.de\/wp-content\/uploads\/2024\/01\/paarshooting-Nordfriesland-flensburg-kiel-4-200x300.jpg 200w, https:\/\/hochzeitsfotografin-adina.de\/wp-content\/uploads\/2024\/01\/paarshooting-Nordfriesland-flensburg-kiel-4-768x1152.jpg 768w, https:\/\/hochzeitsfotografin-adina.de\/wp-content\/uploads\/2024\/01\/paarshooting-Nordfriesland-flensburg-kiel-4-1024x1536.jpg 1024w, https:\/\/hochzeitsfotografin-adina.de\/wp-content\/uploads\/2024\/01\/paarshooting-Nordfriesland-flensburg-kiel-4.jpg 1154w\" sizes=\"auto, (max-width: 683px) 100vw, 683px\" \/><\/figure>\n\n\n\n<figure class=\"wp-block-image size-large\"><img loading=\"lazy\" decoding=\"async\" width=\"683\" height=\"1024\" data-id=\"3406\" src=\"https:\/\/hochzeitsfotografin-adina.de\/wp-content\/uploads\/2024\/01\/paarshooting-Nordfriesland-flensburg-kiel-5-1-683x1024.jpg\" alt=\"\" class=\"wp-image-3406\" srcset=\"https:\/\/hochzeitsfotografin-adina.de\/wp-content\/uploads\/2024\/01\/paarshooting-Nordfriesland-flensburg-kiel-5-1-683x1024.jpg 683w, https:\/\/hochzeitsfotografin-adina.de\/wp-content\/uploads\/2024\/01\/paarshooting-Nordfriesland-flensburg-kiel-5-1-200x300.jpg 200w, https:\/\/hochzeitsfotografin-adina.de\/wp-content\/uploads\/2024\/01\/paarshooting-Nordfriesland-flensburg-kiel-5-1-768x1152.jpg 768w, https:\/\/hochzeitsfotografin-adina.de\/wp-content\/uploads\/2024\/01\/paarshooting-Nordfriesland-flensburg-kiel-5-1-1024x1536.jpg 1024w, https:\/\/hochzeitsfotografin-adina.de\/wp-content\/uploads\/2024\/01\/paarshooting-Nordfriesland-flensburg-kiel-5-1.jpg 1154w\" sizes=\"auto, (max-width: 683px) 100vw, 683px\" \/><\/figure>\n<\/figure>\n\n\n\n<figure class=\"wp-block-image size-large\"><img loading=\"lazy\" decoding=\"async\" width=\"1024\" height=\"680\" src=\"https:\/\/hochzeitsfotografin-adina.de\/wp-content\/uploads\/2024\/01\/paarshooting-Husum-flensburg-kiel-1-1024x680.jpg\" alt=\"\" class=\"wp-image-3429\" srcset=\"https:\/\/hochzeitsfotografin-adina.de\/wp-content\/uploads\/2024\/01\/paarshooting-Husum-flensburg-kiel-1-1024x680.jpg 1024w, https:\/\/hochzeitsfotografin-adina.de\/wp-content\/uploads\/2024\/01\/paarshooting-Husum-flensburg-kiel-1-300x199.jpg 300w, https:\/\/hochzeitsfotografin-adina.de\/wp-content\/uploads\/2024\/01\/paarshooting-Husum-flensburg-kiel-1-768x510.jpg 768w, https:\/\/hochzeitsfotografin-adina.de\/wp-content\/uploads\/2024\/01\/paarshooting-Husum-flensburg-kiel-1-1536x1019.jpg 1536w, https:\/\/hochzeitsfotografin-adina.de\/wp-content\/uploads\/2024\/01\/paarshooting-Husum-flensburg-kiel-1.jpg 1736w\" sizes=\"auto, (max-width: 1024px) 100vw, 1024px\" \/><\/figure>\n","protected":false},"excerpt":{"rendered":"<p>Ihr m\u00f6chtet sch\u00f6ne Bilder f\u00fcr eure Einladungskarten oder einfach nur so? Bei einem Paarshooting mit mir entstehen ungezwungene Bilder, so wie ihr seid. Die Location k\u00f6nnt ihr dabei selbst w\u00e4hlen oder euch von mir beraten lassen. M\u00f6gt ihr es cool und l\u00e4ssig oder eher romantisch vertr\u00e4umt? Wir finden f\u00fcr euch das Passende.<\/p>\n<a class=\"more-link\" href=\"https:\/\/hochzeitsfotografin-adina.de\/index.php\/paarshooting\/\">READ MORE<\/a>","protected":false},"author":1,"featured_media":0,"parent":0,"menu_order":0,"comment_status":"closed","ping_status":"closed","template":"","meta":{"_genesis_hide_title":false,"_genesis_hide_breadcrumbs":false,"_genesis_hide_singular_image":false,"_genesis_hide_footer_widgets":false,"_genesis_custom_body_class":"","_genesis_custom_post_class":"","_genesis_layout":"","footnotes":""},"class_list":{"0":"post-3372","1":"page","2":"type-page","3":"status-publish","5":"entry","6":"has-post-thumbnail"},"yoast_head":"<!-- This site is optimized with the Yoast SEO plugin v26.7 - https:\/\/yoast.com\/wordpress\/plugins\/seo\/ -->\n<title>Paarshooting - hochzeitsfotografin-adina.de<\/title>\n<meta name=\"description\" content=\"Ihr m\u00f6chtet sch\u00f6ne Bilder f\u00fcr eure Einladungskarten oder einfach nur so? Bei einem Paarshooting mit mir entstehen ungezwungene Bilder.\" \/>\n<meta name=\"robots\" content=\"index, follow, max-snippet:-1, max-image-preview:large, max-video-preview:-1\" \/>\n<link rel=\"canonical\" href=\"https:\/\/hochzeitsfotografin-adina.de\/index.php\/paarshooting\/\" \/>\n<meta property=\"og:locale\" content=\"de_DE\" \/>\n<meta property=\"og:type\" content=\"article\" \/>\n<meta property=\"og:title\" content=\"Paarshooting - hochzeitsfotografin-adina.de\" \/>\n<meta property=\"og:description\" content=\"Ihr m\u00f6chtet sch\u00f6ne Bilder f\u00fcr eure Einladungskarten oder einfach nur so? Bei einem Paarshooting mit mir entstehen ungezwungene Bilder.\" \/>\n<meta property=\"og:url\" content=\"https:\/\/hochzeitsfotografin-adina.de\/index.php\/paarshooting\/\" \/>\n<meta property=\"og:site_name\" content=\"hochzeitsfotografin-adina.de\" \/>\n<meta property=\"article:modified_time\" content=\"2024-01-29T11:05:35+00:00\" \/>\n<meta property=\"og:image\" content=\"https:\/\/hochzeitsfotografin-adina.de\/wp-content\/uploads\/2024\/01\/paarshooting-Nordfriesland-flensburg-kiel-1-1024x683.jpg\" \/>\n<meta name=\"twitter:card\" content=\"summary_large_image\" \/>\n<meta name=\"twitter:label1\" content=\"Gesch\u00e4tzte Lesezeit\" \/>\n\t<meta name=\"twitter:data1\" content=\"2\u00a0Minuten\" \/>\n<script type=\"application\/ld+json\" class=\"yoast-schema-graph\">{\"@context\":\"https:\/\/schema.org\",\"@graph\":[{\"@type\":\"WebPage\",\"@id\":\"https:\/\/hochzeitsfotografin-adina.de\/index.php\/paarshooting\/\",\"url\":\"https:\/\/hochzeitsfotografin-adina.de\/index.php\/paarshooting\/\",\"name\":\"Paarshooting - hochzeitsfotografin-adina.de\",\"isPartOf\":{\"@id\":\"https:\/\/hochzeitsfotografin-adina.de\/#website\"},\"primaryImageOfPage\":{\"@id\":\"https:\/\/hochzeitsfotografin-adina.de\/index.php\/paarshooting\/#primaryimage\"},\"image\":{\"@id\":\"https:\/\/hochzeitsfotografin-adina.de\/index.php\/paarshooting\/#primaryimage\"},\"thumbnailUrl\":\"https:\/\/hochzeitsfotografin-adina.de\/wp-content\/uploads\/2024\/01\/paarshooting-Nordfriesland-flensburg-kiel-1-1024x683.jpg\",\"datePublished\":\"2024-01-28T15:58:20+00:00\",\"dateModified\":\"2024-01-29T11:05:35+00:00\",\"description\":\"Ihr m\u00f6chtet sch\u00f6ne Bilder f\u00fcr eure Einladungskarten oder einfach nur so? Bei einem Paarshooting mit mir entstehen ungezwungene Bilder.\",\"breadcrumb\":{\"@id\":\"https:\/\/hochzeitsfotografin-adina.de\/index.php\/paarshooting\/#breadcrumb\"},\"inLanguage\":\"de\",\"potentialAction\":[{\"@type\":\"ReadAction\",\"target\":[\"https:\/\/hochzeitsfotografin-adina.de\/index.php\/paarshooting\/\"]}]},{\"@type\":\"ImageObject\",\"inLanguage\":\"de\",\"@id\":\"https:\/\/hochzeitsfotografin-adina.de\/index.php\/paarshooting\/#primaryimage\",\"url\":\"https:\/\/hochzeitsfotografin-adina.de\/wp-content\/uploads\/2024\/01\/paarshooting-Nordfriesland-flensburg-kiel-1.jpg\",\"contentUrl\":\"https:\/\/hochzeitsfotografin-adina.de\/wp-content\/uploads\/2024\/01\/paarshooting-Nordfriesland-flensburg-kiel-1.jpg\",\"width\":1731,\"height\":1154},{\"@type\":\"BreadcrumbList\",\"@id\":\"https:\/\/hochzeitsfotografin-adina.de\/index.php\/paarshooting\/#breadcrumb\",\"itemListElement\":[{\"@type\":\"ListItem\",\"position\":1,\"name\":\"Startseite\",\"item\":\"https:\/\/hochzeitsfotografin-adina.de\/\"},{\"@type\":\"ListItem\",\"position\":2,\"name\":\"Paarshooting\"}]},{\"@type\":\"WebSite\",\"@id\":\"https:\/\/hochzeitsfotografin-adina.de\/#website\",\"url\":\"https:\/\/hochzeitsfotografin-adina.de\/\",\"name\":\"hochzeitsfotografin-adina.de\",\"description\":\"Liebevolle Hochzeitsbilder f\u00fcr Husum und ganz Nordfriesland\",\"publisher\":{\"@id\":\"https:\/\/hochzeitsfotografin-adina.de\/#\/schema\/person\/14e7031a391d4c91ce384b22c5317f8f\"},\"potentialAction\":[{\"@type\":\"SearchAction\",\"target\":{\"@type\":\"EntryPoint\",\"urlTemplate\":\"https:\/\/hochzeitsfotografin-adina.de\/?s={search_term_string}\"},\"query-input\":{\"@type\":\"PropertyValueSpecification\",\"valueRequired\":true,\"valueName\":\"search_term_string\"}}],\"inLanguage\":\"de\"},{\"@type\":[\"Person\",\"Organization\"],\"@id\":\"https:\/\/hochzeitsfotografin-adina.de\/#\/schema\/person\/14e7031a391d4c91ce384b22c5317f8f\",\"name\":\"adina2\",\"image\":{\"@type\":\"ImageObject\",\"inLanguage\":\"de\",\"@id\":\"https:\/\/hochzeitsfotografin-adina.de\/#\/schema\/person\/image\/\",\"url\":\"https:\/\/secure.gravatar.com\/avatar\/e3c2adc12961b01313e138d295c860341bf8b4c8aa691d21cc5bc0071383ad6b?s=96&d=mm&r=g\",\"contentUrl\":\"https:\/\/secure.gravatar.com\/avatar\/e3c2adc12961b01313e138d295c860341bf8b4c8aa691d21cc5bc0071383ad6b?s=96&d=mm&r=g\",\"caption\":\"adina2\"},\"logo\":{\"@id\":\"https:\/\/hochzeitsfotografin-adina.de\/#\/schema\/person\/image\/\"},\"sameAs\":[\"https:\/\/hochzeitsfotografin-adina.de\"]}]}<\/script>\n<!-- \/ Yoast SEO plugin. -->","yoast_head_json":{"title":"Paarshooting - hochzeitsfotografin-adina.de","description":"Ihr m\u00f6chtet sch\u00f6ne Bilder f\u00fcr eure Einladungskarten oder einfach nur so? Bei einem Paarshooting mit mir entstehen ungezwungene Bilder.","robots":{"index":"index","follow":"follow","max-snippet":"max-snippet:-1","max-image-preview":"max-image-preview:large","max-video-preview":"max-video-preview:-1"},"canonical":"https:\/\/hochzeitsfotografin-adina.de\/index.php\/paarshooting\/","og_locale":"de_DE","og_type":"article","og_title":"Paarshooting - hochzeitsfotografin-adina.de","og_description":"Ihr m\u00f6chtet sch\u00f6ne Bilder f\u00fcr eure Einladungskarten oder einfach nur so? Bei einem Paarshooting mit mir entstehen ungezwungene Bilder.","og_url":"https:\/\/hochzeitsfotografin-adina.de\/index.php\/paarshooting\/","og_site_name":"hochzeitsfotografin-adina.de","article_modified_time":"2024-01-29T11:05:35+00:00","og_image":[{"url":"https:\/\/hochzeitsfotografin-adina.de\/wp-content\/uploads\/2024\/01\/paarshooting-Nordfriesland-flensburg-kiel-1-1024x683.jpg","type":"","width":"","height":""}],"twitter_card":"summary_large_image","twitter_misc":{"Gesch\u00e4tzte Lesezeit":"2\u00a0Minuten"},"schema":{"@context":"https:\/\/schema.org","@graph":[{"@type":"WebPage","@id":"https:\/\/hochzeitsfotografin-adina.de\/index.php\/paarshooting\/","url":"https:\/\/hochzeitsfotografin-adina.de\/index.php\/paarshooting\/","name":"Paarshooting - hochzeitsfotografin-adina.de","isPartOf":{"@id":"https:\/\/hochzeitsfotografin-adina.de\/#website"},"primaryImageOfPage":{"@id":"https:\/\/hochzeitsfotografin-adina.de\/index.php\/paarshooting\/#primaryimage"},"image":{"@id":"https:\/\/hochzeitsfotografin-adina.de\/index.php\/paarshooting\/#primaryimage"},"thumbnailUrl":"https:\/\/hochzeitsfotografin-adina.de\/wp-content\/uploads\/2024\/01\/paarshooting-Nordfriesland-flensburg-kiel-1-1024x683.jpg","datePublished":"2024-01-28T15:58:20+00:00","dateModified":"2024-01-29T11:05:35+00:00","description":"Ihr m\u00f6chtet sch\u00f6ne Bilder f\u00fcr eure Einladungskarten oder einfach nur so? Bei einem Paarshooting mit mir entstehen ungezwungene Bilder.","breadcrumb":{"@id":"https:\/\/hochzeitsfotografin-adina.de\/index.php\/paarshooting\/#breadcrumb"},"inLanguage":"de","potentialAction":[{"@type":"ReadAction","target":["https:\/\/hochzeitsfotografin-adina.de\/index.php\/paarshooting\/"]}]},{"@type":"ImageObject","inLanguage":"de","@id":"https:\/\/hochzeitsfotografin-adina.de\/index.php\/paarshooting\/#primaryimage","url":"https:\/\/hochzeitsfotografin-adina.de\/wp-content\/uploads\/2024\/01\/paarshooting-Nordfriesland-flensburg-kiel-1.jpg","contentUrl":"https:\/\/hochzeitsfotografin-adina.de\/wp-content\/uploads\/2024\/01\/paarshooting-Nordfriesland-flensburg-kiel-1.jpg","width":1731,"height":1154},{"@type":"BreadcrumbList","@id":"https:\/\/hochzeitsfotografin-adina.de\/index.php\/paarshooting\/#breadcrumb","itemListElement":[{"@type":"ListItem","position":1,"name":"Startseite","item":"https:\/\/hochzeitsfotografin-adina.de\/"},{"@type":"ListItem","position":2,"name":"Paarshooting"}]},{"@type":"WebSite","@id":"https:\/\/hochzeitsfotografin-adina.de\/#website","url":"https:\/\/hochzeitsfotografin-adina.de\/","name":"hochzeitsfotografin-adina.de","description":"Liebevolle Hochzeitsbilder f\u00fcr Husum und ganz Nordfriesland","publisher":{"@id":"https:\/\/hochzeitsfotografin-adina.de\/#\/schema\/person\/14e7031a391d4c91ce384b22c5317f8f"},"potentialAction":[{"@type":"SearchAction","target":{"@type":"EntryPoint","urlTemplate":"https:\/\/hochzeitsfotografin-adina.de\/?s={search_term_string}"},"query-input":{"@type":"PropertyValueSpecification","valueRequired":true,"valueName":"search_term_string"}}],"inLanguage":"de"},{"@type":["Person","Organization"],"@id":"https:\/\/hochzeitsfotografin-adina.de\/#\/schema\/person\/14e7031a391d4c91ce384b22c5317f8f","name":"adina2","image":{"@type":"ImageObject","inLanguage":"de","@id":"https:\/\/hochzeitsfotografin-adina.de\/#\/schema\/person\/image\/","url":"https:\/\/secure.gravatar.com\/avatar\/e3c2adc12961b01313e138d295c860341bf8b4c8aa691d21cc5bc0071383ad6b?s=96&d=mm&r=g","contentUrl":"https:\/\/secure.gravatar.com\/avatar\/e3c2adc12961b01313e138d295c860341bf8b4c8aa691d21cc5bc0071383ad6b?s=96&d=mm&r=g","caption":"adina2"},"logo":{"@id":"https:\/\/hochzeitsfotografin-adina.de\/#\/schema\/person\/image\/"},"sameAs":["https:\/\/hochzeitsfotografin-adina.de"]}]}},"_links":{"self":[{"href":"https:\/\/hochzeitsfotografin-adina.de\/index.php\/wp-json\/wp\/v2\/pages\/3372","targetHints":{"allow":["GET"]}}],"collection":[{"href":"https:\/\/hochzeitsfotografin-adina.de\/index.php\/wp-json\/wp\/v2\/pages"}],"about":[{"href":"https:\/\/hochzeitsfotografin-adina.de\/index.php\/wp-json\/wp\/v2\/types\/page"}],"author":[{"embeddable":true,"href":"https:\/\/hochzeitsfotografin-adina.de\/index.php\/wp-json\/wp\/v2\/users\/1"}],"replies":[{"embeddable":true,"href":"https:\/\/hochzeitsfotografin-adina.de\/index.php\/wp-json\/wp\/v2\/comments?post=3372"}],"version-history":[{"count":4,"href":"https:\/\/hochzeitsfotografin-adina.de\/index.php\/wp-json\/wp\/v2\/pages\/3372\/revisions"}],"predecessor-version":[{"id":3430,"href":"https:\/\/hochzeitsfotografin-adina.de\/index.php\/wp-json\/wp\/v2\/pages\/3372\/revisions\/3430"}],"wp:attachment":[{"href":"https:\/\/hochzeitsfotografin-adina.de\/index.php\/wp-json\/wp\/v2\/media?parent=3372"}],"curies":[{"name":"wp","href":"https:\/\/api.w.org\/{rel}","templated":true}]}}